-41?
422
In base 12, what is -5 + -8b?
-94
In base 5, what is -33 - 1221?
-1304
In base 9, what is -1 + -18?
-20
In base 13, what is 765 + 9?
771
In base 4, what is 3022 + -1?
3021
In base 2, what is 100110 - 11100011?
-10111101
In base 12, what is -2 + -44?
-46
In base 4, what is -213310 + 10?
-213300
In base 16, what is -3 + c?
9
In base 8, what is -44673 + 5?
-44666
In base 16, what is -114 - -3?
-111
In base 10, what is -14797 + -3?
-14800
In base 2, what is -1100000100100 + 100?
-1100000100000
In base 10, what is -1 + 496?
495
In base 13, what is 8b7 + -4?
8b3
In base 14, what is -3 + -2977?
-297a
In base 9, what is -1812 - -4?
-1807
In base 12, what is 69 - -26?
93
In base 4, what is 3 + -13233?
-13230
In base 9, what is -57 - -17?
-40
In base 4, what is -100 + -22033?
-22133
In base 4, what is 301 - -101?
1002
In base 7, what is -2046 + -1?
-2050
In base 5, what is 3430 - -3?
3433
In base 6, what is -413 + -4?
-421
In base 3, what is 101010 - 10?
101000
In base 13, what is 0 + 142?
142
In base 11, what is 4 - 102a?
-1026
In base 8, what is 253 + -36?
215
In base 8, what is 2 - -5452?
5454
In base 15, what is -1 - -16?
15
In base 11, what is -18 + 26?
9
In base 4, what is -3 + -2120?
-2123
In base 12, what is -4 + -10?
-14
In base 6, what is -505 + 4?
-501
In base 4, what is 130 + -10311?
-10121
In base 8, what is -3614 - -3?
-3611
In base 8, what is -14 + 4?
-10
In base 3, what is 0 - 2102202?
-2102202
In base 9, what is 486 + 0?
486
In base 15, what is -767 - 11?
-778
In base 10, what is -2 + 1?
-1
In base 11, what is -9 - 0?
-9
In base 5, what is -43 - 22?
-120
In base 3, what is -1 - -1002?
1001
In base 6, what is 245545 - -5?
245554
In base 12, what is -652 - -1?
-651
In base 12, what is 1683 + -6?
1679
In base 9, what is 255 - 5?
250
In base 7, what is -1 + 412?
411
In base 10, what is -2 + 100?
98
In base 11, what is -3 - -461?
459
In base 9, what is -1421 - 6?
-1427
In base 16, what is -85 + 5?
-80
In base 15, what is 5 + 45?
4a
In base 16, what is -1cc + -1?
-1cd
In base 3, what is -11 - 10200?
-10211
In base 15, what is -39 - -109?
c0
In base 10, what is 5 - -14?
19
In base 16, what is 330 - -4?
334
In base 12, what is 13 + -a1?
-8a
In base 6, what is 33 - 12?
21
In base 7, what is -10 - -3?
-4
In base 3, what is 2200222 + -10?
2200212
In base 5, what is 21200 + 0?
21200
In base 11, what is -1aa4 + -2?
-1aa6
In base 7, what is 64 - -24?
121
In base 10, what is 2686 - -2?
2688
In base 6, what is -2100 - 2?
-2102
In base 13, what is -5491 + -2?
-5493
In base 11, what is 5 + 1051?
1056
In base 8, what is 4 + 166?
172
In base 7, what is 1 + 314?
315
In base 6, what is -2435 - -3?
-2432
In base 16, what is b06 - -4?
b0a
In base 10, what is 3256 - -5?
3261
In base 16, what is -e - -10?
2
In base 13, what is -b0 - 7?
-b7
In base 9, what is -2 - 34?
-36
In base 4, what is -3 - 21000?
-21003
In base 11, what is -10284 - -3?
-10281
In base 11, what is -2 + -4?
-6
In base 8, what is 5 + 51?
56
In base 8, what is -2242 + -4?
-2246
In base 13, what is 3c63 - -4?
3c67
In base 11, what is -10 + -43?
-53
In base 10, what is -8 + 27?
19
In base 3, what is 2202 + -2202?
0
In base 2, what is -100 - -110101?
110001
In base 9, what is -700 + -3?
-703
In base 9, what is 6237 - 1?
6236
In base 11, what is 200 - 8?
1a3
In base 7, what is 13 - -11?
24
In base 12, what is -410 + -2?
-412
In base 7, what is 1035 + 115?
1153
In base 3, what is 2020 + -1011?
1002
In base 3, what is 100 - -120201?
121001
In base 14, what is 84 - -15?
99
In base 12, what is -2 + -162?
-164
In base 9, what is -77 + 7?
-70
In base 12, what is 1 + -2a28?
-2a27
In base 5, what is 1300 - 11?
1234
In base 3, what is 12 + -12120?
-12101
In base 7, what is -10 - 3534?
-3544
In base 11, what is 2 - -26?
28
In base 15, what is -2 + -c?
-e
In base 10, what is -5 - 103?
-108
In base 13, what is -15 + -4?
-19
In base 12, what is -8a + 2?
-88
In base 16, what is 9df + 7?
9e6
In base 13, what is 39 - -59?
95
In base 11, what is -59 - 42?
-a0
In base 14, what is -19 - 7a?
-95
In base 15, what is 3 - d?
-a
In base 14, what is 7 + 1a6?
1ad
In base 6, what is 243242 + 0?
243242
In base 7, what is -156 + -3?
-162
In base 13, what is 3 - -36?
39
In base 12, what is 804 - -9?
811
In base 4, what is -1021 + -10?
-1031
In base 9, what is 5 - 5278?
-5273
In base 9, what is 3 - -701?
704
In base 7, what is 1200 + 10?
1210
In base 16, what is -2 - 6b?
-6d
In base 6, what is 2052 - 3?
2045
In base 9, what is 4 - 67?
-63
In base 14, what is 1 - -2c?
2d
In base 10, what is 9 - 40?
-31
In base 7, what is -20 + 4?
-13
In base 15, what is 3 + -69?
-66
In base 11, what is 2a - 10?
1a
In base 15, what is -20 + -131?
-151
In base 11, what is 17 - 17?
0
In base 16, what is 3 + -89?
-86
In base 15, what is -4e - 96?
-e5
In base 13, what is -62 - -7?
-58
In base 5, what is -4 + 114?
110
In base 5, what is -24 + -213?
-242
In base 2, what is -1101100 - -11?
-1101001
In base 8, what is 3 + -4276?
-4273
In base 15, what is -1a - 133?
-14d
In base 5, what is -1 - -3?
2
In base 8, what is -34 + 17?
-15
In base 7, what is 1043 - -10?
1053
In base 7, what is 4 + -123?
-116
In base 4, what is -121303 + 3?
-121300
In base 15, what is -1 + 65?
64
In base 10, what is -12 + 45?
33
In base 6, what is 0 + 440?
440
In base 16, what is -4 + -139?
-13d
In base 8, what is 3 + -142?
-137
In base 6, what is -2241 + 41?
-2200
In base 3, what is -22001 + -11?
-22012
In base 4, what is -10321332 + -11?
-10322003
In base 5, what is -2 - -22?
20
In base 12, what is -22a - -15?
-215
In base 6, what is -312 + -4?
-320
In base 15, what is -2c + 2c?
0
In base 12, what is -199 - -1?
-198
In base 7, what is 154140 + -1?
154136
In base 10, what is 50 + -28?
22
In base 6, what is 4 - 2354?
-2350
In base 8, what is 42 + 5?
47
In base 2, what is -1011000 - -10?
-1010110
In base 3, what is -1121 + 2?
-1112
In base 11, what is 4 + 2a?
33
In base 15, what is -17 + -53?
-6a
In base 10, what is -3 + -237?
-240
In base 5, what is -13133 - -14?
-13114
In base 8, what is -323 - -2?
-321
In base 14, what is -8 - -25?
1b
In base 5, what is -2230 - 23?
-2303
In base 10, what is -27 - -41?
14
In base 11, what is -72 + 11?
-61
In base 6, what is 221 + -324?
-103
In base 16, what is -c11 + 5?
-c0c
In base 13, what is -32 - 240?
-272
In base 2, what is 100000 - -10101101?
11001101
In base 6, what is -1 + -1213?
-1214
In base 3, what is -12 - -21211012?
21211000
In base 7, what is 54 + -40?
14
In base 13, what is -1b - -9?
-12
In base 6, what is -1 - -3004?
3003
In base 9, what is -401 + 4?
-386
In base 4, what is -11 - -21300?
21223
In base 8, what is 17 - 0?
17
In base 7, what is -6431 - 4?
-6435
In base 4, what is 1 + 10110?
10111
In base 13, what is -20 + 114?
c4
In base 3, what is 120122 - 12?
120110
In base 5, what is -41 + 11?
-30
In base 5, what is 30 - -30?
110
In base 2, what is 0 - -10000?
10000
In base 14, what is 3 - -126?
129
In base 9, what is 2 + 1824?
1826
In base 8, what is 0 + 11241?
11241
In base 13, what is -7b + -2?
-80
In base 7, what is -431 - 12?
-443
In base 3, what is -2011 + 10101?
1020
In base 16, what is 1 - 2e?
-2d
In base 16, what is -44 + e?
-36
In base 3, what is -20121 - 112?
-21010
In base 16, what is 40d - 4?
409
In base 14, what is 196 - -5?
19b
In base 8, what is -22377 + 5?
-22372
In base 14, what is 0 - -d49?
d49
In base 9, what is 1078 - -3?
1082
In base 15, what is 4 + -b7?
-b3
In base 16, what is 5 + -6f?
-6a
In base 4, what is 3013 - -310?
3323
In base 3, what is 22020 - 12?
22001
In base 5, what is 144 - 232?
-33
In base 7, what is 2 - 5503?
-5501
In base 7, what is -11621 - -2?
-11616
In base 14, what is 1d9 - 2?
1d7
In base 12, what is 84 + -3?
81
In base 2, what is 10 - -1011011000?
1011011010
In base 7, what is -4 + -1056?
-1063
In base 13, what is 2 + 2aa?
2ac
In base 8, what is 4 + 70?
74
In base 3, what is 201102 + 10?
201112
In base 3, what is 11112 + -210?
10202
In base 10, what is -4 - 181?
-185
In base 16, what is -28 + -5?
-2d
In base 11, what is 29 - 51?
-23
In base 15, what is 2 - 2d?
-2b
In base 8, what is -7032 + -5?
-7037
In base 15, what is 4 - -110?
114
In base 15, what is -229 + 5?
-224
In base 12, what is -5 - -24?
1b
In base 4, what is 1101 + -31?
1010
In base 14, what is -86 + -5?
-8b
In ba